the second derivative of o**3/3 - 3*o**2 + 2*o. What are the prime factors of c(8)?
2, 5
Suppose 260 = 9*w - 4*w. List the prime factors of w.
2, 13
Suppose -2*h = -3*h + 16. Let x = h - -3. Let s = x - 11. List the prime factors of s.
2
Let w(l) = l + 1. Let j(a) = a**2 - a + 10. Let d(k) = j(k) - 5*w(k). List the prime factors of d(6).
5
Suppose -x - 3*y + 97 = -126, 2*y - 434 = -2*x. List the prime factors of x.
2, 107
Let v(i) be the third derivative of i**4/8 - i**3/2 + i**2. Let k be v(2). List the prime factors of (1 + (-7)/(-3))*k.
2, 5
Let v(k) = k**2 + 6*k + 4. What are the prime factors of v(7)?
5, 19
Let j(i) = i**3 - 14*i**2 + 16*i - 13. What are the prime factors of j(13)?
2, 13
Let h be 0/(-2 + 1 + -1). Suppose h = 5*g - 2*g - 42. Suppose -l + g = 5. What are the prime factors of l?
3
Suppose -4*n - 19 = 13. Let t be (n/6)/((-3)/108). Suppose -k + t = 3*k. What are the prime factors of k?
2, 3
Let r be 0/(-4 + 2 - -3). Suppose 2*b + 2*i = -3*i + 97, r = 2*b - 2*i - 90. List the prime factors of b.
2, 23
Suppose 5*b + 19 + 27 = -3*t, 0 = 5*t - 4*b + 15. Let i = t - -17. Suppose x = 3*x - i. List the prime factors of x.
5
Let g(p) = p**2 + 5*p + 9. Let k(j) = j**2 + 6*j + 9. Let w(i) = 3*g(i) - 4*k(i). Let q(a) = -a. Let d be q(6). List the prime factors of w(d).
3
Let j be 2*(-4 + 0)/(-2). Let l = -2 + j. List the prime factors of 0*(l + -1) - -15.
3, 5
Suppose -2*c + 349 = -5*i, -c + 7 = -5*i - 175. What are the prime factors of c?
167
List the prime factors of 1 - (0/(-2) - 41).
2, 3, 7
Let y(j) = j**3 + 2*j**2 - 5*j + 3. Let w be y(-4). Let r(h) = -h - h - 1 - 9. What are the prime factors of r(w)?
2
Suppose -2*m + 107 = 9. What are the prime factors of m?
7
Suppose -4*l = -2*i + 16, 4*i - 4*l + 2*l - 20 = 0. Suppose -5*y = p + 22, y - p + i*p - 4 = 0. Let b = y - -7. What are the prime factors of b?
2
Let v(c) = 2*c**3 - 4*c**2 + 3*c - 2. Let m be v(2). Suppose 3*l - 4*n = -6, -4*l + 0*n + 4*n - m = 0. List the prime factors of l.
2
Let t(q) = -q**3 - 6*q**2 - 4*q + 1. Let l(g) = g**3 + 7*g**2 + 5*g - 1. Let k(b) = 6*l(b) + 5*t(b). What are the prime factors of k(-11)?
2, 5
Let h be (-86 - 4)*4/(-5). Suppose 0 = 5*l + g - 111, 4*l + 2*g + 3*g - h = 0. List the prime factors of l.
23
Let w be (-2 + 1)*-16*3. Suppose k - 5*k = -w. What are the prime factors of (k/2)/(4/6)?
3
Suppose 10 = -y - y + 2*n, 0 = -4*y - 5*n + 25. Suppose -3*w + 3 = y, 5*q - 2*w = 3*w + 80. List the prime factors of q.
17
Let u be (-4)/18 + 382/18. Let i = -5 + u. What are the prime factors of i?
2
Let s = 8 - -9. List the prime factors of s.
17
Suppose 5 = 3*h - 2*h, -h = -4*w + 3. Suppose w*a + a + 9 = 0. Let x = a - -13. What are the prime factors of x?
2, 5
Let h be 12/42 + 44/(-7). Let l be 81/3*(-4)/h. List the prime factors of (l/3)/(3/9).
2, 3
Let o = -5 - 8. Let s be o - (0/(-3) - 2). Let h = -1 - s. List the prime factors of h.
2, 5
Suppose 5*t = 2*t + 147. What are the prime factors of t?
7
Let h be (2 + -1)/(3/(-54)). List the prime factors of 17/3 + 12/h.
5
Let y(h) = -h**2 - 7*h - 7. Let d be y(-6). Let n be ((-1)/(-1))/(d/(-3)). Suppose 2*b = -n*b + 50. List the prime factors of b.
2, 5
Suppose 0 = -3*x + 4*s + 256, -4*s + 209 = 2*x + s. List the prime factors of x.
2, 23
Let s be (-90)/(-15) - (0 + 3). Suppose s*r + 2*r = 115. List the prime factors of r.
23
Let v(d) = -2*d**3 - 11*d**2 + 9*d. What are the prime factors of v(-8)?
2, 31
Let h = 47 - 29. List the prime factors of h.
2, 3
Let x = 17 - 9. Suppose -k + x = 2*g, -k = -g + 4 - 0. Suppose k = h - 0*h - 9. List the prime factors of h.
3
Suppose 0 = q - 2*t - 6, 7*t = 5*q + 2*t - 15. Suppose 2*s + q*s - 4 = 0. What are the prime factors of s?
2
Let l(j) = j**2 + 21*j + 61. List the prime factors of l(-19).
23
Suppose 0 = y - 1 - 24. Suppose 2*i + 3*i - y = 0. What are the prime factors of 1*i + 1 + 0?
2, 3
Suppose -3*f + 5*y = -2*f - 26, 2*y = -5*f + 49. Let m be 1 + 1 - (2 - f). Let t = -5 + m. What are the prime factors of t?
2, 3
Suppose 0 = -3*r - 4*d + 3*d + 1005, -2*r - d + 670 = 0. What are the prime factors of r?
5, 67
Let g = -12 - 11. Let b = g + 36. What are the prime factors of b?
13
Let t be 2 - -4 - (-2 - -2). List the prime factors of (-3)/t - 39/(-2).
19
Let o(i) = 3*i**2 + 6*i - 2*i**2 - 2*i. Let t be o(-4). Suppose 5*d - 4*q - 30 = t, 0*q - q - 30 = -5*d. What are the prime factors of d?
2, 3
Suppose 0*w + 5*k = 2*w - 72, -w + 37 = -3*k. What are the prime factors of w?
31
Let k(i) = 4*i**2 - 9*i - 2. Let l(o) = -5*o**2 + 9*o + 3. Let w(a) = -4*k(a) - 3*l(a). List the prime factors of w(8).
7
Let u = -48 - -92. Let r = 64 - u. List the prime factors of r.
2, 5
Let q = 10 - 7. Let o(b) be the second derivative of b**4/12 - b**3/3 + b**2/2 - 7*b. List the prime factors of o(q).
2
Let c(k) = -k**3 + 5*k**2 + 3. Let a be c(5). Suppose a*u - 63 = -0*u. What are the prime factors of u?
3, 7
Let h(t) = t**3 - 10*t**2 - 12*t - 16. Let p be h(11). List the prime factors of (-50)/(-6) + (-18)/p.
3
Let p be (-8)/(-6)*18/(-12). Let c(k) = -8*k + 10. Let d(x) = -3*x + 3. Let z(b) = -2*c(b) + 7*d(b). List the prime factors of z(p).
11
Let i be 12/21 - (-20)/14. List the prime factors of (120/18)/(i/9).
2, 3, 5
Let y(g) = g**3 + 7*g**2 - 4. Let t be y(-6). Suppose 0 = 4*v + t - 88. List the prime factors of v.
2, 7
Suppose 3*b = -3*z, 4*z + 2*b - 4 = -b. What are the prime factors of 37 + (-1 + z - 6)?
2, 17
List the prime factors of 8*((-25)/4)/(-5).
2, 5
Suppose 5*q = -2*p + 22, -p + 5*p - 22 = q. Let c be p/4 + 7/14. Let o = 19 - c. List the prime factors of o.
17
Suppose -141 = -4*l - 37. What are the prime factors of l?
2, 13
Let s be (-3)/(-12) + 38/8. Suppose -s = 3*n - 4*n. Suppose -29 = -2*p - 0*y - 3*y, -80 = -5*p - n*y. What are the prime factors of p?
19
Let i = -16 - 3. Let v = i + 39. List the prime factors of v.
2, 5
Let u(l) = -l**2 + 21. Let i be u(0). Suppose 2*q - i = -c, -q - 4*c - 85 = -6*q. What are the prime factors of q?
13
Let w(p) = -3*p + 3. Let t be w(0). Let j(i) = 4*i**2 - 2*i - 4. List the prime factors of j(t).
2, 13
Suppose 1667 = 7*m + 85. List the prime factors of m.
2, 113
Suppose 4*p = -4 + 16, 0 = 3*v + p - 120. Suppose -c + 25 = 5*s - v, -3*c + 12 = 0. Suppose 3 = -f + s. List the prime factors of f.
3
Let x be -2 - 2*(-3)/2. Let f be 10*x/(2 + 0). Suppose 0*m + 3*m + 5*y = f, 0 = -4*m + 5*y + 30. What are the prime factors of m?
5
Let n(s) = s**2 + 3*s - 7. Let q(v) = -v**2 - 3*v + 8. Let u(y) = 5*n(y) + 4*q(y). Let a be (-2)/(-4)*0 + -6. What are the prime factors of u(a)?
3, 5
What are the prime factors of (567/(-35))/(1/(-5))?
3
Let h(b) = -2*b**2 + b - 4. Let k(s) = -6*s**2 + 4*s - 13. Let t(g) = -7*h(g) + 2*k(g). List the prime factors of t(3).
23
Suppose 0 = -5*u + 2*u. Suppose u*s - 12 = 3*s. Let x(w) = -2*w - 6. List the prime factors of x(s).
2
Suppose t - 400 = -4*t. Let f = t - 53. What are the prime factors of f?
3
Let l(t) = -19*t**3 - 2*t**2 - t. Let i be l(-1). List the prime factors of 750/i + 2/(-3).
41
Let y = -88 - -245. Suppose a + 250 = 5*f - 0*f, -3*f + 2*a + y = 0. List the prime factors of f.
7
Let h(v) = -v**2 - 10*v - 3. Let s be h(-9). Let t be (-12)/5*40/(-12). Suppose -t*z + s*z = -24. List the prime factors of z.
2, 3
Suppose 3*k - 17 - 461 = 5*j, -4*k = -5*j - 634. What are the prime factors of k?
2, 3, 13
Suppose -6*r + 1075 = -r. List the prime factors of r.
5, 43
Let q be (-1)/2*0 + 0. Suppose u + 12 = 5*u. Suppose -u*m + 0*m + 33 = q. List the prime factors of m.
11
Suppose -2*s - 2*s = -108. Suppose k = 2*k + 2, -s = -3*z + 3*k. What are the prime factors of z?
7
Suppose 2*i - 12 = -2. Let s = 22 + -19. Suppose s*z + p = -0*z + 8, i*p = 4*z - 36. What are the prime factors of z?
2
Let s(a) = -3 - a + 9 + 0*a. Let h be 18/21*-1*7. What are the prime factors of s(h)?
2, 3
Let v(j) = -j**3 + 3*j**3 - 2*j**2 + 4*j - j**3 - 3. Let t be v(2). Let u(y) = y**3 - 4*y**2 - 4*y - 2. What are the prime factors of u(t)?
3
Suppose 4*z = -r - z + 27, 5*r = 3*z - 5. Suppose 0*f + 4*s = -r*f + 46, -s = -f + 17. What are the prime factors of f?
19
Let d = 80 - 56. List the prime factors of d.
2, 3
List the prime factors of 2*(-1 + 58) + (-4)/1.
2, 5, 11
Suppose 0*y + 3 = -3*y. What are the prime factors of -10 - -11